2) to base 16.
-3
2 (base 16) to base 2
10
What is -102 (base 4) in base 7?
-24
110000 (base 2) to base 16
30
151 (base 9) to base 12
a7
23 (base 5) to base 12
11
Convert -13 (base 6) to base 14.
-9
Convert -101100 (base 2) to base 6.
-112
What is 1 (base 2) in base 14?
1
-12 (base 8) to base 3
-101
-102 (base 3) to base 9
-12
-4 (base 12) to base 5
-4
-1010 (base 2) to base 7
-13
31 (base 4) to base 2
1101
303 (base 5) to base 9
86
What is -250 (base 9) in base 10?
-207
What is 3 (base 6) in base 10?
3
What is 85 (base 11) in base 5?
333
What is 30 (base 4) in base 13?
c
-3 (base 10) to base 7
-3
-3 (base 12) to base 5
-3
What is 11110101 (base 2) in base 15?
115
Convert 2120 (base 5) to base 11.
23a
Convert -15 (base 16) to base 14.
-17
-13b (base 15) to base 7
-551
What is 11 (base 3) in base 8?
4
What is -24 (base 11) in base 13?
-20
What is -14 (base 15) in base 14?
-15
-a4 (base 11) to base 10
-114
20 (base 4) to base 5
13
13 (base 8) to base 11
10
What is 140 (base 5) in base 4?
231
Convert 10 (base 9) to base 7.
12
Convert 11 (base 2) to base 3.
10
What is -4 (base 9) in base 15?
-4
7 (base 13) to base 3
21
Convert 100 (base 4) to base 13.
13
-12 (base 6) to base 8
-10
-3 (base 11) to base 10
-3
296 (base 11) to base 12
24b
Convert 103 (base 5) to base 3.
1001
What is e (base 15) in base 4?
32
-4 (base 16) to base 6
-4
171 (base 8) to base 10
121
What is 1 (base 14) in base 9?
1
211 (base 4) to base 13
2b
What is 420 (base 5) in base 3?
11002
Convert -9a (base 13) to base 11.
-106
Convert -4 (base 6) to base 16.
-4
5 (base 6) to base 13
5
What is 25 (base 8) in base 14?
17
Convert 53 (base 10) to base 16.
35
Convert 161 (base 9) to base 10.
136
What is 12010 (base 3) in base 9?
163
Convert 11001 (base 2) to base 14.
1b
6a (base 15) to base 3
10201
Convert 8 (base 9) to base 15.
8
11211 (base 3) to base 5
1010
-41 (base 14) to base 12
-49
What is -7 (base 8) in base 15?
-7
What is 5 (base 7) in base 14?
5
What is -10d (base 14) in base 8?
-321
13c (base 13) to base 3
22011
-101100 (base 2) to base 14
-32
Convert -531 (base 6) to base 16.
-c7
What is -4 (base 6) in base 15?
-4
1 (base 2) to base 8
1
Convert 10 (base 2) to base 5.
2
What is -154 (base 10) in base 3?
-12201
What is -3 (base 12) in base 8?
-3
-114 (base 5) to base 16
-22
What is 14 (base 5) in base 15?
9
What is 5 (base 7) in base 2?
101
Convert -17 (base 10) to base 15.
-12
1 (base 5) to base 7
1
Convert -2 (base 11) to base 8.
-2
What is 6 (base 12) in base 13?
6
2 (base 14) to base 15
2
What is -10 (base 9) in base 6?
-13
-192 (base 11) to base 13
-141
Convert -32 (base 7) to base 15.
-18
What is 122 (base 14) in base 2?
11100010
Convert 4 (base 15) to base 3.
11
What is 70 (base 16) in base 8?
160
0 (base 12) to base 13
0
What is 5 (base 12) in base 4?
11
-8 (base 12) to base 2
-1000
What is 144 (base 8) in base 9?
121
What is 10101 (base 2) in base 15?
16
What is 55 (base 12) in base 14?
49
-10 (base 4) to base 3
-11
Convert -2 (base 12) to base 13.
-2
Convert 250 (base 10) to base 8.
372
Convert -11 (base 4) to base 13.
-5
Convert -317 (base 9) to base 2.
-100000011
55 (base 6) to base 10
35
22 (base 5) to base 12
10
52 (base 14) to base 6
200
36 (base 15) to base 5
201
What is 315 (base 6) in base 12?
9b
Convert 33 (base 8) to base 6.
43
Convert 32 (base 4) to base 2.
1110
Convert 158 (base 11) to base 15.
c4
What is 2 (base 14) in base 6?
2
What is 0 (base 7) in base 11?
0
What is 10 (base 9) in base 11?
9
What is -2 (base 13) in base 2?
-10
What is 3 (base 12) in base 16?
3
What is aa (base 15) in base 14?
b6
Convert -1 (base 9) to base 10.
-1
0 (base 16) to base 6
0
What is -4 (base 15) in base 8?
-4
What is 2001 (base 3) in base 5?
210
-3 (base 9) to base 8
-3
-60 (base 15) to base 11
-82
-2 (base 12) to base 5
-2
What is -20 (base 5) in base 16?
-a
6 (base 14) to base 12
6
Convert 40 (base 11) to base 3.
1122
Convert -4 (base 14) to base 7.
-4
1001 (base 2) to base 13
9
Convert 0 (base 5) to base 2.
0
3 (base 6) to base 7
3
Convert 1 (base 12) to base 6.
1
What is 1103 (base 4) in base 12?
6b
Convert -8 (base 15) to base 6.
-12
Convert -2 (base 6) to base 9.
-2
101 (base 5) to base 7
35
Convert 3 (base 14) to base 16.
3
Convert -2c (base 16) to base 8.
-54
51 (base 9) to base 16
2e
-33 (base 6) to base 8
-25
What is 11 (base 8) in base 2?
1001
Convert 10 (base 2) to base 7.
2
Convert 1010 (base 3) to base 15.
20
Convert 4 (base 9) to base 15.
4
Convert -1115 (base 6) to base 12.
-19b
238 (base 10) to base 15
10d
Convert 11 (base 11) to base 12.
10
What is 2 (base 8) in base 15?
2
10 (base 6) to base 5
11
-1031 (base 4) to base 8
-115
Convert b7 (base 16) to base 13.
111
What is 1 (base 11) in base 3?
1
Convert 1 (base 9) to base 5.
1
What is 1101000 (base 2) in base 5?
404
Convert -1 (base 3) to base 6.
-1
What is 29 (base 10) in base 16?
1d
-38 (base 11) to base 13
-32
3223 (base 4) to base 16
eb
Convert 33 (base 16) to base 12.
43
-101 (base 5) to base 3
-222
What is 1 (base 6) in base 2?
1
What is -10 (base 3) in base 16?
-3
What is -1122 (base 4) in base 7?
-156
-29 (base 10) to base 12
-25
Convert 36 (base 10) to base 12.
30
0 (base 12) to base 7
0
Convert -46 (base 15) to base 7.
-123
What is 77 (base 16) in base 8?
167
What is 274 (base 10) in base 2?
100010010
Convert -2a (base 13) to base 4.
-210
Convert 306 (base 7) to base 3.
12200
Convert 100 (base 2) to base 8.
4
-31 (base 12) to base 13
-2b
Convert 16 (base 9) to base 10.
15
What is 10110 (base 2) in base 14?
18
Convert -22 (base 16) to base 15.
-24
-31 (base 6) to base 8
-23
-150 (base 11) to base 5
-1201
6 (base 15) to base 2
110
What is -9 (base 15) in base 5?
-14
Convert -1 (base 14) to base 10.
-1
What is 14b (base 13) in base 10?
232
What is -d (base 16) in base 9?
-14
Convert -48 (base 10) to base 5.
-143
Convert 11 (base 16) to base 5.
32
Convert 17 (base 11) to base 3.
200
What is -5 (base 6) in base 13?
-5
What is -223 (base 4) in base 9?
-47
What is -111 (base 5) in base 2?
-11111
40 (base 9) to base 8
44
What is 3 (base 12) in base 6?
3
-121 (base 3) to base 7
-22
Convert 8 (base 10) to base 14.
8
Convert 1 (base 9) to base 8.
1
1001011 (base 2) to base 11
69
Convert -2 (base 5) to base 13.
-2
7 (base 11) to base 16
7
What is 1 (base 14) in base 8?
1
What is -4 (base 16) in base 2?
-100
What is -8 (base 12) in base 11?
-8
-14 (base 10) to base 6
-22
What is -2 (base 4) in base 13?
-2
What is 12 (base 6) in base 7?
11
What is -4 (base 16) in base 10?
-4
Convert 2 (base 16) to base 15.
2
Convert -111 (base 2) to base 10.
-7
4 (base 6) to base 11
4
Convert -122 (base 5) to base 7.
-52
What is -10111 (base 3) in base 2?
-1011110
Convert 0 (base 3) to base 16.
0
Convert -85 (base 12) to base 11.
-92
Convert 112 (base 3) to base 7.
20
Convert -41 (base 11) to base 13.
-36
What is 9a (base 12) in base 16?
76
What is -136 (base 11) in base 6?
-424
Convert -102 (base 6) to base 9.
-42
3 (base 4) to base 12
3
Convert -ee (base 16) to base 12.
-17a
What is -120 (base 3) in base 6?
-23
b (base 12) to base 10
11
Convert 4 (base 12) to base 10.
4
What is -3 (base 12) in base 16?
-3
Convert -102 (base 7) to base 4.
-303
Convert 1 (base 4) to base 11.
1
1 (base 3) to base 13
1
10 (base 3) to base 15
3
b4 (base 16) to base 7
345
Convert -12 (base 13) to base 3.
-120
34 (base 14) to base 16
2e
Convert 12 (base 14) to base 9.
17
Convert 27 (base 14) to base 10.
35
Convert 15 (base 14) to base 8.
23
-1232 (base 4) to base 6
-302
Convert 0 (base 3) to base 4.
0
Convert -5 (base 8) to base 16.
-5
Convert -1 (base 7) to base 11.
-1
What is 1102 (base 4) in base 16?
52
What is 4 (base 10) in base 12?
4
-11 (base 2) to base 14
-3
What is 1 (base 10) in base 2?
1
Convert -6 (base 11) to base 9.
-6
What is -2 (base 7) in base 5?
-2
-2343 (base 5) to base 15
-183
Convert -3f (base 16) to base 11.
-58
2 (base 15) to base 9
2
-25 (base 16) to base 8
-45
What is 152 (base 15) in base 6?
1222
What is -44 (base 8) in base 9?
-40
-18 (base 9) to base 7
-23
What is -2012 (base 3) in base 12?
-4b
2b (base 14) to base 3
1110
Convert -152 (base 6) to base 13.
-53
12 (base 11) to base 16
d
Convert -127 (base 13) to base 12.
-14a
3 (base 5) to base 9
3
What is -5 (base 14) in base 6?
-5
Convert -7 (base 8) to base 12.
-7